40))/(2/5). Let v = m - -542. What are the prime factors of v?
2, 3
Let t(d) = -d**2 + 21*d + 134. Let s be t(-5). Suppose -s*p - 2781 = -13*p. List the prime factors of p.
3, 103
Let z = -17824 + 32244. What are the prime factors of z?
2, 5, 7, 103
What are the prime factors of 764/(-4966) + 369048/26?
2, 47, 151
Let o be 0/(1 - -3) - 2/(-1). Let r(l) = 2*l + 4*l - 9*l - 3 + 3*l**o - l. List the prime factors of r(-5).
2, 23
What are the prime factors of (1356 - 1) + -24 + 992/32?
2, 3, 227
Let l(k) = 3*k - 49. Let o be l(18). Suppose 0 = -o*r - 126 - 84. Let p = r + 146. List the prime factors of p.
2, 13
Suppose 1325 = x - i, 7*i = -2*x + 12*i + 2665. Let y = 2374 - x. List the prime factors of y.
2, 17, 31
Let j = -127 - -211. Suppose l - 180 = j. List the prime factors of l.
2, 3, 11
Let j be (2656/(-24))/(2/3). Let t = j - -168. What are the prime factors of t?
2
What are the prime factors of 516432/72 + (-4)/6?
2, 11, 163
Let a = -45 - -39. Let t(u) = -2*u**2 - 70*u - 8. List the prime factors of t(a).
2, 5, 17
Let s = -149 + 153. Suppose 3*d - 629 = -s*p, d = -2*p - d + 312. Suppose 4*h = j - p + 46, 4*j - 388 = -2*h. List the prime factors of j.
3, 11
Let w(x) = -2*x**3 + 19*x**2 + 115*x + 54. Let y(b) = -3*b**3 + 28*b**2 + 173*b + 82. Let v(d) = -8*w(d) + 5*y(d). What are the prime factors of v(17)?
2, 61
Suppose -5*v + 3*v = 5*v. Suppose v = 27*a - 29*a + 3196. What are the prime factors of a?
2, 17, 47
Let w = 16 + 125. Suppose 135*v - w*v = -924. What are the prime factors of v?
2, 7, 11
Let a(p) = -2*p**2 + 37*p + 26. Let v be a(19). Suppose -v*x + 301 = -119. List the prime factors of x.
2, 3, 5
Let c be 13 - 12/(-2)*(-2)/4. Suppose -s = -c*s + 18. Suppose 0 = -s*j + j - 4*o + 80, 5*j = 4*o + 304. What are the prime factors of j?
2
Let f(w) = -2*w**3 - 30*w**2 - 111*w - 27. Let x be f(-9). Suppose 0 = -l - 3*t - 9, -2*l + 9 = l - 3*t. Suppose l*c - c + 78 = x. List the prime factors of c.
2, 3, 13
Let s(d) = -8*d + 21. Let p be s(2). List the prime factors of (p/4)/((-42)/(-39648)).
2, 5, 59
Suppose 1974111 + 5303268 + 13972893 = 408*q. List the prime factors of q.
2, 29, 449
Suppose 6*k = -f + 3569, -5*k + 5*f = 8*f - 2972. What are the prime factors of k?
5, 7, 17
Let l be 1 + 18 + (-9)/1. What are the prime factors of 592/l*((-17)/34 - -8)?
2, 3, 37
Let l(q) = -3*q**3 - 2*q**2 + 5*q + 6. Let t be l(-3). Suppose -a + t = 51. Suppose a*w - 462 = -3*m + 7*w, -m = -4*w - 162. What are the prime factors of m?
2, 3, 5
Let j = 4780 - 3987. List the prime factors of j.
13, 61
Let m(h) = 17*h**2 - 4*h + 1. Let z be m(1). Let j(y) = y**3 - 14*y**2 + 9. Let c be j(z). Let v = 121 - c. List the prime factors of v.
2, 7
Let q(r) = -r**3 - 6*r**2 + 6*r - 8. Let m be q(-7). Let u be (-73290)/315 + m/(1*3). Let s = u - -431. List the prime factors of s.
2, 3, 11
Let f(c) = c**3 + 4*c**2 - 7*c. Let i be f(-5). Suppose -2*y + 2 = 3*x, -3*x + 2*y = -0*y - i. Suppose 0 = -x*z - 0*z + 126. List the prime factors of z.
3, 7
Suppose -130*d + 958606 - 13116 = 0. What are the prime factors of d?
7, 1039
Let y = -61 - -60. Let z(i) = -i**3 - i**2 - i - 1. Let c be z(y). Suppose c = -l + 5*t + 129 - 35, -352 = -4*l - 4*t. What are the prime factors of l?
89
Let n = -29404 + 48088. What are the prime factors of n?
2, 3, 173
Suppose -15292 = -2*z - 3*y, -4*y + 5*y - 22959 = -3*z. List the prime factors of z.
5, 1531
Let b = -22839 + 25407. What are the prime factors of b?
2, 3, 107
Let z(l) = 12*l**2 + 56*l - 5914. What are the prime factors of z(64)?
2, 41, 571
Let k = 23323 - 15528. List the prime factors of k.
5, 1559
Let y(q) = 13 + 18*q - 11*q - 8*q. Let g be y(7). What are the prime factors of ((-46)/(-4) - -2) + g/(-4)?
2, 3
Suppose 49548 = 60*z - 1731492. What are the prime factors of z?
2, 41, 181
Let x(r) = -173*r**3 - 2*r**2 + 27*r + 30. What are the prime factors of x(-5)?
2, 5, 19, 113
Suppose -47*i = 104*i + 57*i - 1245712. What are the prime factors of i?
53, 113
Let q(l) be the first derivative of -10*l**2 + 14 - 31*l - 1/3*l**3. What are the prime factors of q(-10)?
3, 23
Let s = 32343 - 12993. List the prime factors of s.
2, 3, 5, 43
Let z = 571 + -351. Suppose -3*f = f - z. What are the prime factors of f?
5, 11
Suppose -13 + 1 = -4*g. Suppose 101 = w + 3*o, -g*w + 253 + 26 = -3*o. Let n = 259 - w. List the prime factors of n.
2, 41
Let s(j) = 3*j**2 - 3*j - 2. Let f(o) = o**2 - 23*o + 26. Let z be f(18). Let x be 54/(-16) + (-24)/z. List the prime factors of s(x).
2, 17
Suppose 8*a = 5*w + 9*a - 36770, 0 = 4*a. List the prime factors of w.
2, 3677
Let m(v) = -v**2 - 6*v + 4. Let x be (-14)/4 - (-1)/(-2). Let j be m(x). Let c(b) = 6*b - 24. What are the prime factors of c(j)?
2, 3
Suppose -2*u + 20 = -7*u, -3*g - 4*u = 1. Suppose -2*h - g*b = 169, -3*b + 11 = -4. Let a = -36 - h. List the prime factors of a.
61
Suppose -138 = -y - 2*y. Suppose 3*t + y + 215 = 0. Let d = t + 214. What are the prime factors of d?
127
Let j = -760 + 768. Suppose -8357 - 19 = -j*v. List the prime factors of v.
3, 349
Let y = -892 + 897. Suppose y*c - 3*m - 9694 = 0, -4*c + 4525 = 5*m - 3208. What are the prime factors of c?
13, 149
Let p = 15172 + 23924. What are the prime factors of p?
2, 3, 181
Let s(k) = k**3 + 7*k**2 + 6*k - 3. Let j be s(-6). Let g(m) be the first derivative of 2*m**3/3 + m**2/2 + 4*m - 601. List the prime factors of g(j).
19
Suppose -4*f - 20 = -4*j, 5*j - 10 = 4*f + 17. Let g(s) = -17*s + 12*s**2 + j + s**3 - 3*s**2 + 7*s**2 - 2*s. What are the prime factors of g(-17)?
41
Suppose 7 = d - 5*l, 3*l = -5*d - 13 - 8. What are the prime factors of 2 + d + 186 - -4 - -3?
2, 3
Let u(j) = -3*j - 6. Let a be u(-2). Suppose -q + 0*x = -x - 9, a = 4*x + 4. What are the prime factors of q/(-4) + (-1 - (-194)/2)?
2, 47
Suppose -5*q - 34 = -3*l, 5*l + 9 = -3*q + 43. Suppose -l*d + 10*d = 276. Suppose -18*a + d = -15*a. What are the prime factors of a?
2, 23
Suppose 4*j = -4*k + 2*k + 24, 2 = -2*j. Suppose -4*h + 2*d + 2*d - 24 = 0, 0 = 3*h - 2*d + k. What are the prime factors of h*(3 + 501/(-6) + -3)?
167
Suppose -27*b + 15704 = 5984. Let g = 195 + b. What are the prime factors of g?
3, 5, 37
Suppose 5*d - 1515 = 1500. Suppose -65 - 178 = 2*g + j, 0 = -5*g + 2*j - d. What are the prime factors of -2 - g - 2 - (-24 + 22)?
7, 17
Let t(j) = j**2 - j - 2. Suppose 3*g = -12, -3*g = -0*o + o + 19. Let v = 17 + o. List the prime factors of t(v).
2, 11
Let h = 18363 + -12038. List the prime factors of h.
5, 11, 23
Let o = 280 - 256. Suppose 0 = -4*i - 4*v + v + 15, 3*i - v + 5 = 0. Suppose o*t - 9*t - 2310 = i. List the prime factors of t.
2, 7, 11
List the prime factors of 1930 + -289 + (8 - 1)*-1.
2, 19, 43
What are the prime factors of (6500/(-30))/(4/(-174))?
5, 13, 29
What are the prime factors of 4839856/133 + -3 - (4 + (-390)/95)?
3, 13, 311
Let c = -92 + 92. Suppose -5*i + 4*q + 13 = c, 3*i + 4*q = -0*q + 27. Suppose 0 = -i*m + m + 328. List the prime factors of m.
2, 41
Let f(y) = y**3 - 15*y + 2. Let r be f(-5). List the prime factors of (r/32)/((-15)/2630).
263
Let c be 125/20*(-4)/(-1). Suppose 5*m - 2*f = m + 124, -m + c = -2*f. List the prime factors of (-113)/(-2) + m/(-22).
5, 11
Let q(s) = s**3 - 9*s**2 + s + 58. Let n be q(8). Suppose -n*u + 537 = l, 15*l - 12*l = -u + 266. What are the prime factors of u?
269
Let b be (10/1)/(66/99). Suppose -23*t + 5896 = -b*t. List the prime factors of t.
11, 67
Suppose 125*b - 130*b + 32580 = 0. List the prime factors of b.
2, 3, 181
Suppose r - 100 + 74 = 0. Suppose 4*q = -8*o + 9*o - 13, -3*q - r = -4*o. List the prime factors of -97*5/(q + -3).
97
List the prime factors of 2333 - (-45 + 45)/((-3)/(-1)).
2333
Let k(h) = -2*h**2 + 18*h + 22. Let q be k(10). Suppose 4*l - 4 = 0, -195 = -2*a + q*l + l. What are the prime factors of a?
3, 11
Let i(y) = -3*y + 7. Let n = -17 + 12. Let x be i(n). Let j = x + 113. List the prime factors of j.
3, 5
Let n = 4786 + -2274. What are the prime factors of 18/3 + n/2?
2, 631
Let w(p) = 4*p - 3. Let x be w(2). Suppose -5*h + 3*r + 59 = 2*r, -x*h + 2*r = -58. Suppose -h = -6*f + 84. List the prime factors of f.
2
Let r(d) = d**3 + 2*d**2 - 165. Suppose -5 = -2*l - 5*h, l + 5*h = -0*l + 5. Let w be r(l). Let t = w + 275. What are the prime factors of t?
2, 5,